 - 3/(-1 - 0). Let h be v(m). Let t(o) = -o - 5. Calculate t(h).
-1
Let w(y) = -8*y - 6. Let v(h) = -17*h - 13. Let z(r) = 6*v(r) - 13*w(r). Let a(i) = i**2 - i. Let t be a(2). Give z(t).
4
Suppose 2*f = f - 5. Let d(h) = 7*h**3 + 11*h**2 - 3*h + 10. Let g(x) = -4*x**3 - 6*x**2 + x - 5. Let u(c) = f*g(c) - 3*d(c). What is u(-4)?
-5
Suppose 10 = -0*v + 5*v. Let n(q) = -2*q**v + 7*q + 3*q**2 + 1 - 4*q. Let m = -28 - -25. What is n(m)?
1
Let i(g) = 2 - 14*g + 6 + 11*g. Let h(a) = -39*a + 105. Let j(y) = 2*h(y) - 27*i(y). What is j(4)?
6
Let k(x) = x + 16. Let n be k(-12). Suppose -6 = -v - n. Let c(g) = g**3 - g**2 - 2*g - 1. Give c(v).
-1
Suppose 3*w = 4*w + 3. Let t(h) = h**3 + h**2. Determine t(w).
-18
Let l(d) = d**3 + 2*d**2 - d. Suppose -4*v - 8 = 4*x, 3*v - v - 4 = 2*x. Determine l(x).
2
Suppose -2*b - 3*f + 11 = 0, 3*b - 3*f + 17 = 2*b. Let u(r) = 3*r**2 - 2*r + 1. Give u(b).
17
Suppose -1 - 1 = -o. Let d(n) = 5*n**2 + 0*n**2 + 7 + 7*n - 4*n**o. What is d(-5)?
-3
Let g(q) = -2*q**3 + 2*q**2 + 2*q - 1. Let z be g(2). Let d be 2/z - (-14)/10. Let h(m) = -107 + 3*m**2 + 108 - 5*m**2. What is h(d)?
-1
Let j(l) = l**3 - 5*l**2 - l + 3. Suppose 4*a - a + 4*c = 9, 5*a - 5*c - 15 = 0. Let n be a/(4/((-60)/(-9))). What is j(n)?
-2
Let f(o) = 3*o + 3. Let k = 43 - 45. Determine f(k).
-3
Let p(d) = -d**2 - d + 1. Let x be 2/(-7) + (-792)/(-28). Suppose 0*b = -v - b - 4, -x = -3*v + 5*b. Calculate p(v).
-1
Let z(x) = x + 2. Let y be z(0). Suppose 8*d - 5 = 5*t + 3*d, -4*t + y*d = 12. Let v(i) = -i**3 - 5*i**2 - 3*i - 7. Give v(t).
8
Let w(l) be the first derivative of l**3/3 - 7*l**2/2 + 6*l + 10. Determine w(4).
-6
Suppose 0*s - s = 7. Let t(h) = -h. Give t(s).
7
Let z(q) = q - 4. Let c be (57/(-4))/((-3)/(-12)). Let k be c/(-12) + (-6)/8. Let b = k - -1. Determine z(b).
1
Let v(o) = -o**3 + 4*o**2 - o - 1. Let c(u) = u**2 - 2. Let l be c(0). Let d = 2 - l. Determine v(d).
-5
Let n(t) = t**3 + t. Suppose 4*b + 8 = 8*b. Determine n(b).
10
Let h(x) = -3*x + 2. Suppose -12 = 4*u + u + c, -5*c = -5*u. Let y(m) = m - 1. Let a(z) = u*h(z) - 4*y(z). Give a(2).
4
Let t(o) = o**3 - 4*o**2 - 7*o + 7. Let v be 6/2 - (-9 + 5 - -2). Determine t(v).
-3
Let j(t) = -t**3 - 7*t**2 + 7*t - 6. Let p be 32/6*6/(-4). Calculate j(p).
2
Let x(g) be the second derivative of 7*g - 1/2*g**3 + 1/12*g**4 + 0 + 1/2*g**2. Calculate x(2).
-1
Let m be 2/4*(0 - 2). Let g(j) be the first derivative of j**5/15 + j**4/12 + j**3/6 + j**2 + 1. Let p(k) be the second derivative of g(k). Determine p(m).
3
Let o be 11/51 + (-10)/(-85). Let d(l) be the first derivative of 0*l + 3 + 2*l**2 - o*l**3. Calculate d(5).
-5
Let p(v) = -v**2 - 5*v. Suppose 0 = -m + 2*w + 3, -8 = 2*w - 2. Determine p(m).
6
Let q(x) = x. Let b = -1 + 1. Suppose b = 2*d + v + 2*v - 21, 3*d - 5*v = -16. Let t be (d/4)/((-1)/4). Give q(t).
-3
Let z(s) = -16*s**2 - 6*s + 10. Let v(j) = -3*j**2 - j + 2. Let h(r) = 11*v(r) - 2*z(r). Determine h(4).
-10
Let m(q) = -3*q - 3 - q**3 - 4*q**2 - 13*q**2 + 15*q**2. What is m(-2)?
3
Let i(a) = -a**2 + a + 1. Let p(l) = 4*l - 1. Let n be p(1). Let u be i(n). Let t(j) = -4 - 4 - 2*j + 2. Calculate t(u).
4
Let r(p) = p**2 + 4*p + 3. Suppose m = -n + 4, 0*n + 5*m - 22 = -3*n. Let d be n*((-8)/2 - 2). Let b(v) = -v**3 + 7*v**2 - 6*v - 4. Let g be b(d). What is r(g)?
3
Let f(p) be the second derivative of p**6/60 - p**4/24 + p**3/6 + p. Let b(j) be the second derivative of f(j). What is b(1)?
5
Let z be (-2 + (12 - 2))*(-9)/(-12). Let c(g) = g**3 - 6*g**2 + 2*g - 4. Determine c(z).
8
Let o(u) = u**2 - 5*u + 1. Let t(v) = -v - 6. Suppose 8*g = 10*g + 22. Let n be t(g). What is o(n)?
1
Let l(a) = a**2 + 7*a. Suppose 13 = -3*y - 5. Calculate l(y).
-6
Let h(z) = 4 - 9 + 6*z + 5 + 2. Calculate h(2).
14
Let k(s) = 3*s - 2. Suppose 2*w - 6 = 18. Let o = 15 - w. What is k(o)?
7
Let j(w) be the first derivative of -w**4/4 - 5*w**3/3 - 4*w - 10. What is j(-5)?
-4
Let x(t) = 0 + t**2 + 2*t + 0*t**2 - 3 + 6. Calculate x(-4).
11
Let d(q) = -7*q + 11. Let y(a) = -8*a + 11. Let p(m) = 6*d(m) - 5*y(m). Give p(9).
-7
Let o(n) = 4*n**2 + 2*n + 1. Let t(z) = 3*z**3 - 2*z - 1. Let u be t(-1). Let s be u/4*16/8. Determine o(s).
3
Suppose -d = 5*j + 6 - 1, 2*j + d + 2 = 0. Let q(l) = l**3 + l**2 - 1. What is q(j)?
-1
Let g(h) = -7*h - 3. Let s(a) = -2 + 0*a - 3*a + 0 - a. Let q(j) = 3*g(j) - 5*s(j). Calculate q(4).
-3
Let u(t) = -3*t - 4. Let l be u(-2). Suppose -4*a = p - 5 + 6, -l*p - 2 = 4*a. Let z(w) = -w**2 + w + 1. What is z(p)?
-1
Suppose 18*c + 4 = 19*c. Let b(w) = w - 2. Let g be b(4). Let d(z) = -3*z**2 + g - 5*z + 0 + z**3 + 4. What is d(c)?
2
Suppose -2*f = 3*f + 25. Let p = f + 6. Let o(y) = -5*y**2 - 2*y + 1. Determine o(p).
-6
Suppose -5*k + 4 = 34. Let q(j) = -j**2 - 7*j - 9. Let c be q(k). Let f(o) = -o**3 - 4*o**2 - 2*o. Calculate f(c).
-3
Let x(h) = -h**3 + 4*h**2 + 5. Suppose -20 = 10*b - 8*b. Let w be (12/b)/((-30)/100). Give x(w).
5
Let g(o) = 3*o + 77. Let s(i) = -i - 19. Let h(k) = 2*g(k) + 9*s(k). Let n(l) = l + 8. Let t(j) = 2*h(j) + 5*n(j). Calculate t(5).
1
Suppose -n + 8 = 4*l, 16 = 2*n + l + 2*l. Let b = n + -13. Let o(a) = a - 1. What is o(b)?
-6
Suppose -7 - 1 = -4*d. Suppose -2*y - i = 1, 5*y - d = 3*i + 1. Let r(f) = 3 + y*f**2 + 5*f**2 + 5*f - 2*f**2 - 2*f**2. What is r(-4)?
-1
Let z(o) = -o**3 - o**2 - 2*o. Let g(c) = -c - 4. Let f be g(-4). Suppose -10*l + 11*l = f. Let n = -2 - l. Give z(n).
8
Let i(d) = 205*d + 0 - 209*d - 3 + d**2. Suppose -3*x - g = -6*g + 10, 10 = -2*x + 4*g. Give i(x).
2
Let y(z) = -z**2 - 6*z + 10. Let c(j) = -j**2 - 15*j + 27. Let l be c(-17). What is y(l)?
3
Let p(s) = s**3 + 8*s**2 - 1. Let y be (7 + -4)/(6/(-16)). Give p(y).
-1
Let d = -17 + 23. Let z(t) = -t**2 + 5*t + 2. Give z(d).
-4
Let m(l) = l - 3. Let a be m(4). Let g(w) = 2*w**2 + w. Let j be g(a). Let i be ((-2)/j + 1)*15. Let p(v) = -2*v + 6. Determine p(i).
-4
Let h(i) = i - 5 + 0 + 2 + 6. Determine h(4).
7
Let h(l) = -2*l + 9. Let f(r) = -6*r + 26. Let g(k) = -6*f(k) + 17*h(k). Let s = -14 + 8. Let o = s - -8. What is g(o)?
1
Let b(u) be the third derivative of 0 - 1/24*u**4 + 0*u - 2*u**2 - 1/6*u**3. Calculate b(-4).
3
Let q(r) = r**3 - 5*r**2 + 5*r - 2. Let j be -10*(1 - (-12)/(-20))/(-1). Calculate q(j).
2
Let w(t) = 0 - 2 + 1 + t + 4*t**2. Let z be 0 + (3 + -2 - 6). Let a = z - -6. Determine w(a).
4
Let f(d) = 3*d + 5. Let a(b) = 3*b + 5. Let j(y) = -6*a(y) + 7*f(y). Let h be -1 + 9 + (9 - 21). Calculate j(h).
-7
Let k(a) = -10*a**2 + 1. Suppose -b + 5*y = -26, 9 = 4*b - 0*y - y. What is k(b)?
-9
Suppose 0*s - 5*s = 0. Let u(x) = -x**2 - x + 6. What is u(s)?
6
Let n(x) be the second derivative of -x**4/12 + x**3 - 5*x**2/2 + 22*x. What is n(6)?
-5
Let t(u) be the second derivative of -5/2*u**2 + 0 + 1/12*u**4 + 4*u - 5/6*u**3. Calculate t(4).
-9
Let s(a) be the second derivative of -a**3/6 + 3*a**2 - 52*a. Give s(10).
-4
Let p = 1 - -1. Let u(x) = -1 + 0*x - 5*x + p + 6*x. Calculate u(0).
1
Let l(o) = -o**2 - 8*o + 11. Let x be l(-9). Let v(y) = -6 + 1 - x*y**2 + 2 + 4*y**2 - 4*y. Determine v(-2).
13
Let v(m) = 0*m - 10*m**2 + 12*m**2 - 3*m**2 - 2*m - 2. What is v(-2)?
-2
Let n(u) be the first derivative of -u**4/4 + u**3/3 + 3*u**2/2 - 2*u - 12. Calculate n(2).
0
Suppose 0 = -2*j - 3*j + 5. Let u(t) be the second derivative of t**6/360 - t**4/24 - 7*t**3/6 - 7*t. Let k(d) be the second derivative of u(d). Give k(j).
0
Let y(n) be the second derivative of 5*n**4/12 + n**3/6 + n**2/2 + 10*n. Give y(-1).
5
Let c(b) = -3*b + 7. Let a(m) = -5*m + 13. Let w(x) = -4*a(x) + 7*c(x). Determine w(-6).
3
Let t be (-48)/(-18) + (-4)/6. Suppose -13 - 9 = t*n. Let s be 5/(-20) + n/4. Let r(m) = m**2. Determine r(s).
9
Let x(v) = v**3 - 4*v**2 - 3*v - 5. Let w(i) be the first derivative of 1 - 1/3*i**3 + 5*i + 1/2*i**2. Let j be w(0). What is x(j)?
5
Suppose 2 = 4*s + 6. Let v = 2 + s. Suppose x = 3 - v, -4*x - 7 = -3*g. Let j(u) = -u + 3. Calculate j(g).
-2
Let y(h) = -10*h + 20. Let r(k) = 7*k - 13. Let f(q) = -7*r(q) - 5*y(q). Determine f(8).
-1
Let r(c) be the third derivative of -c**5/30 - c**4/8 - c**3/2 + 2*c**2. Suppose 5*h = 3*h + 8. Suppose -2*g = -4*g + 4*z + h, -4*g - 4*z = 16. Give r(g).
-5
Let u(x) be the second derivative of x**3/3 + 3*x - 8. Suppose 0 = -g + 4*i + 3, -6*g 